ivisor of 27 and 189351?
27
Calculate the greatest common factor of 903452 and 22.
22
What is the highest common divisor of 147416 and 64?
8
What is the highest common factor of 2963535 and 15?
15
Calculate the highest common divisor of 21390 and 7471.
31
What is the greatest common divisor of 6216 and 300?
12
Calculate the greatest common factor of 4648 and 6440.
56
Calculate the greatest common divisor of 44 and 8468.
4
Calculate the highest common factor of 775 and 2077.
31
What is the highest common factor of 146 and 511?
73
Calculate the highest common factor of 19 and 32699.
19
What is the highest common divisor of 13035 and 99?
33
What is the highest common divisor of 432 and 11124?
108
What is the highest common divisor of 31512 and 8632?
104
Calculate the greatest common divisor of 942 and 30.
6
Calculate the greatest common divisor of 310 and 52.
2
Calculate the greatest common factor of 7 and 6349.
7
What is the greatest common divisor of 22586 and 161?
23
What is the highest common factor of 104496 and 378?
42
What is the highest common divisor of 7701 and 14127?
51
What is the highest common factor of 700 and 29740?
20
Calculate the highest common divisor of 143 and 168506.
13
Calculate the greatest common factor of 384 and 272768.
128
What is the highest common divisor of 606 and 237552?
606
What is the highest common factor of 496 and 6432?
16
Calculate the highest common factor of 6811 and 98.
49
Calculate the highest common divisor of 16 and 329584.
16
Calculate the greatest common factor of 4218 and 1554.
222
Calculate the greatest common divisor of 58656 and 104.
104
What is the highest common factor of 2448 and 17680?
272
Calculate the greatest common divisor of 481008 and 33.
33
What is the highest common divisor of 190 and 15542?
38
What is the highest common divisor of 1180 and 6490?
590
Calculate the greatest common divisor of 6305 and 88985.
65
Calculate the greatest common factor of 2067 and 429141.
159
Calculate the greatest common divisor of 344520 and 640.
40
Calculate the greatest common factor of 10044 and 297.
27
What is the highest common divisor of 4820 and 390?
10
What is the greatest common divisor of 24 and 59080?
8
What is the highest common divisor of 707 and 56?
7
What is the greatest common divisor of 50 and 3304975?
25
What is the highest common divisor of 6 and 27369?
3
What is the highest common factor of 2834 and 598?
26
What is the highest common divisor of 7849 and 38911?
167
What is the greatest common divisor of 350366 and 334?
334
Calculate the highest common divisor of 21331 and 2056.
257
Calculate the highest common factor of 10947 and 44649.
123
Calculate the greatest common factor of 1890 and 10290.
210
What is the greatest common divisor of 64284 and 24?
12
Calculate the greatest common factor of 27 and 13694643.
27
What is the greatest common factor of 36764 and 476?
28
Calculate the highest common divisor of 18 and 165450.
6
Calculate the greatest common divisor of 29007 and 165.
33
Calculate the greatest common divisor of 392 and 97928.
8
Calculate the greatest common divisor of 759 and 15708.
33
What is the highest common factor of 189 and 11961?
27
What is the highest common factor of 262 and 200?
2
What is the greatest common factor of 2187 and 33?
3
Calculate the greatest common factor of 796 and 272431.
199
Calculate the greatest common factor of 1694 and 11770.
22
Calculate the highest common factor of 21349 and 481.
37
What is the greatest common divisor of 13636 and 308?
28
Calculate the highest common factor of 191196 and 19323.
1017
What is the greatest common factor of 1178 and 1046653?
589
Calculate the highest common divisor of 12 and 22965828.
12
What is the greatest common divisor of 480 and 13080?
120
What is the greatest common factor of 55 and 79145?
55
Calculate the highest common divisor of 5928 and 15600.
312
What is the highest common divisor of 12717 and 2754?
81
Calculate the greatest common divisor of 132 and 143436.
12
What is the greatest common divisor of 1368511 and 2932?
733
Calculate the greatest common factor of 196 and 2758.
14
What is the highest common divisor of 80 and 501328?
16
What is the highest common divisor of 5725 and 643490?
1145
Calculate the highest common divisor of 12882 and 1634.
38
What is the highest common factor of 2775 and 3375?
75
Calculate the greatest common factor of 132024 and 96.
24
What is the highest common factor of 2862392 and 1768?
1768
What is the greatest common factor of 41731 and 29?
29
What is the greatest common divisor of 800 and 53?
1
What is the greatest common factor of 241 and 2949599?
241
Calculate the highest common divisor of 4 and 63471.
1
What is the greatest common factor of 430 and 2890?
10
What is the highest common divisor of 375452 and 276?
92
Calculate the greatest common divisor of 18 and 2518.
2
Calculate the highest common divisor of 162363 and 1.
1
What is the highest common divisor of 2277780 and 60?
60
What is the highest common factor of 214214 and 1430?
286
Calculate the greatest common factor of 281570 and 3626.
74
Calculate the highest common factor of 81 and 52893.
81
What is the greatest common factor of 70 and 533260?
70
Calculate the highest common divisor of 2739 and 35.
1
What is the greatest common factor of 5306 and 1064?
14
Calculate the highest common divisor of 269 and 19.
1
Calculate the greatest common divisor of 7 and 83482.
7
Calculate the greatest common factor of 1739 and 3995.
47
Calculate the greatest common divisor of 53525 and 100.
25
Calculate the highest common divisor of 46017 and 45.
9
Calculate the greatest common divisor of 74 and 924223.
37
What is the highest common divisor of 13 and 189?
1
What is the highest common factor of 3393 and 126?
9
What is the highest common divisor of 68 and 257006?
34
Calculate the greatest common divisor of 4 and 988224.
4
Calculate the greatest common divisor of 41382 and 31578.
114
What is the highest common divisor of 454118 and 2?
2
What is the greatest common divisor of 180 and 12940?
20
Calculate the greatest common divisor of 59962 and 3528.
14
Calculate the greatest common divisor of 3510 and 8710.
130
What is the highest common divisor of 130 and 1130870?
130
Calculate the greatest common divisor of 675 and 515925.
225
Calculate the highest common factor of 713 and 55821.
23
What is the highest common factor of 29097 and 212?
53
Calculate the highest common factor of 1138056 and 24.
24
Calculate the highest common factor of 100 and 158980.
20
Calculate the highest common divisor of 2431 and 3553.
187
Calculate the greatest common divisor of 531397 and 695.
139
Calculate the greatest common divisor of 399 and 84493.
19
Calculate the greatest common factor of 6996 and 89358.
318
What is the greatest common factor of 80 and 119960?
40
What is the highest common factor of 238765 and 65?
5
What is the highest common divisor of 1425783 and 31?
31
What is the highest common factor of 376 and 107207?
47
Calculate the highest common factor of 17125 and 265.
5
What is the highest common divisor of 380920 and 4450?
890
What is the greatest common factor of 30375 and 5175?
225
What is the highest common factor of 11 and 457666?
11
What is the highest common factor of 50710 and 4510?
110
Calculate the highest common divisor of 10 and 99034.
2
Calculate the greatest common divisor of 2950 and 6.
2
Calculate the highest common divisor of 4608 and 4383.
9
Calculate the highest common factor of 26 and 168584.
26
Calculate the highest common divisor of 57403 and 2192.
137
Calculate the greatest common factor of 15158 and 594.
22
Calculate the greatest common divisor of 14960 and 121440.
880
Calculate the greatest common divisor of 25718 and 17402.
154
What is the greatest common divisor of 693063 and 8379?
1197
What is the greatest common factor of 54 and 18594?
18
What is the greatest common factor of 25 and 116825?
25
What is the greatest common factor of 677993 and 199?
199
What is the greatest common divisor of 63687 and 71?
71
Calculate the highest common factor of 2555 and 1995.
35
Calculate the greatest common factor of 140 and 2700.
20
Calculate the greatest common factor of 5 and 22109.
1
What is the highest common divisor of 